{"id":12,"date":"2024-05-21T20:02:00","date_gmt":"2024-05-21T20:02:00","guid":{"rendered":"https:\/\/partidohumanista.es\/?page_id=12"},"modified":"2026-03-03T23:13:06","modified_gmt":"2026-03-03T23:13:06","slug":"inicio","status":"publish","type":"page","link":"https:\/\/partidohumanista.es\/","title":{"rendered":"Inicio"},"content":{"rendered":"\t\t<div data-elementor-type=\"wp-page\" data-elementor-id=\"12\" class=\"elementor elementor-12\">\n\t\t\t\t<div class=\"elementor-element elementor-element-db7592b e-flex e-con-boxed e-con e-parent\" data-id=\"db7592b\" data-element_type=\"container\" data-e-type=\"container\">\n\t\t\t\t\t<div class=\"e-con-inner\">\n\t\t\t\t<div class=\"elementor-element elementor-element-d8ff060 elementor-arrows-position-inside elementor-pagination-position-outside elementor-widget elementor-widget-image-carousel\" data-id=\"d8ff060\" data-element_type=\"widget\" data-e-type=\"widget\" data-settings=\"{&quot;slides_to_show&quot;:&quot;1&quot;,&quot;navigation&quot;:&quot;both&quot;,&quot;autoplay&quot;:&quot;yes&quot;,&quot;pause_on_hover&quot;:&quot;yes&quot;,&quot;pause_on_interaction&quot;:&quot;yes&quot;,&quot;autoplay_speed&quot;:5000,&quot;infinite&quot;:&quot;yes&quot;,&quot;effect&quot;:&quot;slide&quot;,&quot;speed&quot;:500}\" data-widget_type=\"image-carousel.default\">\n\t\t\t\t<div class=\"elementor-widget-container\">\n\t\t\t\t\t\t\t<div class=\"elementor-image-carousel-wrapper swiper\" role=\"region\" aria-roledescription=\"carousel\" aria-label=\"Carrusel de im\u00e1genes\" dir=\"ltr\">\n\t\t\t<div class=\"elementor-image-carousel swiper-wrapper\" aria-live=\"off\">\n\t\t\t\t\t\t\t\t<div class=\"swiper-slide\" role=\"group\" aria-roledescription=\"slide\" aria-label=\"1 de 5\"><figure class=\"swiper-slide-inner\"><img decoding=\"async\" class=\"swiper-slide-image\" src=\"https:\/\/partidohumanista.es\/wp-content\/uploads\/2024\/05\/020B-1-scaled.jpg\" alt=\"alegria_PH\" \/><\/figure><\/div><div class=\"swiper-slide\" role=\"group\" aria-roledescription=\"slide\" aria-label=\"2 de 5\"><figure class=\"swiper-slide-inner\"><img decoding=\"async\" class=\"swiper-slide-image\" src=\"https:\/\/partidohumanista.es\/wp-content\/uploads\/2024\/05\/3-Bannercapitalismo.jpg\" alt=\"3 Bannercapitalismo\" \/><\/figure><\/div><div class=\"swiper-slide\" role=\"group\" aria-roledescription=\"slide\" aria-label=\"3 de 5\"><figure class=\"swiper-slide-inner\"><img decoding=\"async\" class=\"swiper-slide-image\" src=\"https:\/\/partidohumanista.es\/wp-content\/uploads\/2024\/05\/2-BannerGuerra.jpg\" alt=\"2 BannerGuerra\" \/><\/figure><\/div><div class=\"swiper-slide\" role=\"group\" aria-roledescription=\"slide\" aria-label=\"4 de 5\"><figure class=\"swiper-slide-inner\"><img decoding=\"async\" class=\"swiper-slide-image\" src=\"https:\/\/partidohumanista.es\/wp-content\/uploads\/2024\/05\/1-BannerEuropa.jpg\" alt=\"1 BannerEuropa\" \/><\/figure><\/div><div class=\"swiper-slide\" role=\"group\" aria-roledescription=\"slide\" aria-label=\"5 de 5\"><figure class=\"swiper-slide-inner\"><img decoding=\"async\" class=\"swiper-slide-image\" src=\"https:\/\/partidohumanista.es\/wp-content\/uploads\/2024\/05\/4-BannerViolencia.jpg\" alt=\"4 BannerViolencia\" \/><\/figure><\/div>\t\t\t<\/div>\n\t\t\t\t\t\t\t\t\t\t\t\t<div class=\"elementor-swiper-button elementor-swiper-button-prev\" role=\"button\" tabindex=\"0\">\n\t\t\t\t\t\t<svg aria-hidden=\"true\" class=\"e-font-icon-svg e-eicon-chevron-left\" viewBox=\"0 0 1000 1000\" xmlns=\"http:\/\/www.w3.org\/2000\/svg\"><path d=\"M646 125C629 125 613 133 604 142L308 442C296 454 292 471 292 487 292 504 296 521 308 533L604 854C617 867 629 875 646 875 663 875 679 871 692 858 704 846 713 829 713 812 713 796 708 779 692 767L438 487 692 225C700 217 708 204 708 187 708 171 704 154 692 142 675 129 663 125 646 125Z\"><\/path><\/svg>\t\t\t\t\t<\/div>\n\t\t\t\t\t<div class=\"elementor-swiper-button elementor-swiper-button-next\" role=\"button\" tabindex=\"0\">\n\t\t\t\t\t\t<svg aria-hidden=\"true\" class=\"e-font-icon-svg e-eicon-chevron-right\" viewBox=\"0 0 1000 1000\" xmlns=\"http:\/\/www.w3.org\/2000\/svg\"><path d=\"M696 533C708 521 713 504 713 487 713 471 708 454 696 446L400 146C388 133 375 125 354 125 338 125 325 129 313 142 300 154 292 171 292 187 292 204 296 221 308 233L563 492 304 771C292 783 288 800 288 817 288 833 296 850 308 863 321 871 338 875 354 875 371 875 388 867 400 854L696 533Z\"><\/path><\/svg>\t\t\t\t\t<\/div>\n\t\t\t\t\n\t\t\t\t\t\t\t\t\t<div class=\"swiper-pagination\"><\/div>\n\t\t\t\t\t\t\t\t\t<\/div>\n\t\t\t\t\t\t<\/div>\n\t\t\t\t<\/div>\n\t\t\t\t\t<\/div>\n\t\t\t\t<\/div>\n\t\t<div class=\"elementor-element elementor-element-e471d00 e-flex e-con-boxed e-con e-parent\" data-id=\"e471d00\" data-element_type=\"container\" data-e-type=\"container\">\n\t\t\t\t\t<div class=\"e-con-inner\">\n\t\t\t\t<div class=\"elementor-element elementor-element-713bac8 elementor-align-center elementor-widget elementor-widget-button\" data-id=\"713bac8\" data-element_type=\"widget\" data-e-type=\"widget\" data-widget_type=\"button.default\">\n\t\t\t\t<div class=\"elementor-widget-container\">\n\t\t\t\t\t\t\t\t\t<div class=\"elementor-button-wrapper\">\n\t\t\t\t\t<a class=\"elementor-button elementor-button-link elementor-size-sm elementor-animation-grow\" href=\"https:\/\/partidohumanista.es\/wp-content\/uploads\/2024\/05\/Programa-elecciones-europeas-2024_ok.pdf\" target=\"_blank\">\n\t\t\t\t\t\t<span class=\"elementor-button-content-wrapper\">\n\t\t\t\t\t\t\t\t\t<span class=\"elementor-button-text\">Programa Elecciones Europeas<\/span>\n\t\t\t\t\t<\/span>\n\t\t\t\t\t<\/a>\n\t\t\t\t<\/div>\n\t\t\t\t\t\t\t\t<\/div>\n\t\t\t\t<\/div>\n\t\t\t\t\t<\/div>\n\t\t\t\t<\/div>\n\t\t<div class=\"elementor-element elementor-element-678a1c5 e-flex e-con-boxed e-con e-parent\" data-id=\"678a1c5\" data-element_type=\"container\" data-e-type=\"container\">\n\t\t\t\t\t<div class=\"e-con-inner\">\n\t\t<div class=\"elementor-element elementor-element-cfd489f e-con-full e-flex e-con e-child\" data-id=\"cfd489f\" data-element_type=\"container\" data-e-type=\"container\">\n\t\t\t\t<div class=\"elementor-element elementor-element-bc4d07a elementor-widget elementor-widget-video\" data-id=\"bc4d07a\" data-element_type=\"widget\" data-e-type=\"widget\" data-settings=\"{&quot;youtube_url&quot;:&quot;https:\\\/\\\/youtu.be\\\/hcb8BjF0Izk?si=dIU569tdGbvByUjm&quot;,&quot;video_type&quot;:&quot;youtube&quot;,&quot;controls&quot;:&quot;yes&quot;}\" data-widget_type=\"video.default\">\n\t\t\t\t<div class=\"elementor-widget-container\">\n\t\t\t\t\t\t\t<div class=\"elementor-wrapper elementor-open-inline\">\n\t\t\t<div class=\"elementor-video\"><\/div>\t\t<\/div>\n\t\t\t\t\t\t<\/div>\n\t\t\t\t<\/div>\n\t\t\t\t<\/div>\n\t\t<div class=\"elementor-element elementor-element-ea130e8 e-con-full e-flex e-con e-child\" data-id=\"ea130e8\" data-element_type=\"container\" data-e-type=\"container\">\n\t\t\t\t<div class=\"elementor-element elementor-element-c900e74 elementor-widget elementor-widget-video\" data-id=\"c900e74\" data-element_type=\"widget\" data-e-type=\"widget\" data-settings=\"{&quot;youtube_url&quot;:&quot;https:\\\/\\\/youtu.be\\\/KbR3fqqGx_Y?si=QXxd5yma2GzFahGV&quot;,&quot;video_type&quot;:&quot;youtube&quot;,&quot;controls&quot;:&quot;yes&quot;}\" data-widget_type=\"video.default\">\n\t\t\t\t<div class=\"elementor-widget-container\">\n\t\t\t\t\t\t\t<div class=\"elementor-wrapper elementor-open-inline\">\n\t\t\t<div class=\"elementor-video\"><\/div>\t\t<\/div>\n\t\t\t\t\t\t<\/div>\n\t\t\t\t<\/div>\n\t\t\t\t<\/div>\n\t\t<div class=\"elementor-element elementor-element-dad0a1f e-con-full e-flex e-con e-child\" data-id=\"dad0a1f\" data-element_type=\"container\" data-e-type=\"container\">\n\t\t\t\t<div class=\"elementor-element elementor-element-59c274d elementor-widget elementor-widget-video\" data-id=\"59c274d\" data-element_type=\"widget\" data-e-type=\"widget\" data-settings=\"{&quot;youtube_url&quot;:&quot;https:\\\/\\\/youtu.be\\\/nePFzyD5Nhg?si=I6HK5dw3K_Kyn4nt&quot;,&quot;video_type&quot;:&quot;youtube&quot;,&quot;controls&quot;:&quot;yes&quot;}\" data-widget_type=\"video.default\">\n\t\t\t\t<div class=\"elementor-widget-container\">\n\t\t\t\t\t\t\t<div class=\"elementor-wrapper elementor-open-inline\">\n\t\t\t<div class=\"elementor-video\"><\/div>\t\t<\/div>\n\t\t\t\t\t\t<\/div>\n\t\t\t\t<\/div>\n\t\t\t\t<\/div>\n\t\t\t\t\t<\/div>\n\t\t\t\t<\/div>\n\t\t<div class=\"elementor-element elementor-element-f86100e e-flex e-con-boxed e-con e-parent\" data-id=\"f86100e\" data-element_type=\"container\" data-e-type=\"container\">\n\t\t\t\t\t<div class=\"e-con-inner\">\n\t\t\t\t<div class=\"elementor-element elementor-element-d368a40 elementor-widget elementor-widget-heading\" data-id=\"d368a40\" data-element_type=\"widget\" data-e-type=\"widget\" data-widget_type=\"heading.default\">\n\t\t\t\t<div class=\"elementor-widget-container\">\n\t\t\t\t\t<h2 class=\"elementor-heading-title elementor-size-default\"><p style=\"text-align:justify\"><b><span lang=\"ES-SV\" style=\"font-size:18.0pt;,sans-serif\">LOS HUMANISTAS CONDENAMOS EL ATAQUE DE ESTADOS UNIDOS E ISRAEL CONTRA IR\u00c1N<\/span><\/b><span style=\"font-size: 2rem;text-align: start\"><\/span><\/p><\/h2>\t\t\t\t<\/div>\n\t\t\t\t<\/div>\n\t\t<div class=\"elementor-element elementor-element-472ec9a e-con-full e-flex e-con e-child\" data-id=\"472ec9a\" data-element_type=\"container\" data-e-type=\"container\">\n\t\t\t\t<div class=\"elementor-element elementor-element-114b0a2 elementor-widget elementor-widget-image\" data-id=\"114b0a2\" data-element_type=\"widget\" data-e-type=\"widget\" data-widget_type=\"image.default\">\n\t\t\t\t<div class=\"elementor-widget-container\">\n\t\t\t\t\t\t\t\t\t\t\t\t\t\t\t<img fetchpriority=\"high\" decoding=\"async\" width=\"300\" height=\"300\" src=\"https:\/\/partidohumanista.es\/wp-content\/uploads\/2026\/03\/noguerra-iran-300x300.jpg\" class=\"attachment-medium size-medium wp-image-566\" alt=\"\" srcset=\"https:\/\/partidohumanista.es\/wp-content\/uploads\/2026\/03\/noguerra-iran-300x300.jpg 300w, https:\/\/partidohumanista.es\/wp-content\/uploads\/2026\/03\/noguerra-iran-150x150.jpg 150w, https:\/\/partidohumanista.es\/wp-content\/uploads\/2026\/03\/noguerra-iran.webp 567w\" sizes=\"(max-width: 300px) 100vw, 300px\" \/>\t\t\t\t\t\t\t\t\t\t\t\t\t\t\t<\/div>\n\t\t\t\t<\/div>\n\t\t\t\t<div class=\"elementor-element elementor-element-bcc2229 elementor-widget elementor-widget-text-editor\" data-id=\"bcc2229\" data-element_type=\"widget\" data-e-type=\"widget\" data-widget_type=\"text-editor.default\">\n\t\t\t\t<div class=\"elementor-widget-container\">\n\t\t\t\t\t\t\t\t\t<p class=\"MsoNormal\" style=\"text-align:justify;text-justify:inter-ideograph\"><b><span lang=\"ES-SV\" style=\"font-family:&quot;Arial&quot;,sans-serif\">01\/03\/2026 \u2013 <\/span><\/b><span lang=\"ES-SV\" style=\"font-family:&quot;Arial&quot;,sans-serif\">Desde el <strong><span style=\"font-weight: normal;\">Partido Humanista de\nEspa\u00f1a<\/span><\/strong> expresamos nuestra <strong><span style=\"font-weight: normal;\">m\u00e1s en\u00e9rgica condena<\/span><\/strong> al\nataque militar lanzado por los gobiernos de <em>Israel<\/em>\ny de <em>Estados Unidos<\/em>\ncontra <em>Ir\u00e1n<\/em>.\nConsideramos esta acci\u00f3n un acto de violencia injustificada que exacerba un\nconflicto de proporciones impredecibles y pone en riesgo la vida de millones de\npersonas, agravando la ya delicada situaci\u00f3n en la regi\u00f3n y en el conjunto del\nplaneta. <o:p><\/o:p><\/span><\/p><p class=\"MsoNormal\" style=\"text-align:justify;text-justify:inter-ideograph\"><span lang=\"ES-SV\" style=\"font-family:&quot;Arial&quot;,sans-serif\">&nbsp;<\/span><\/p><p class=\"MsoNormal\" style=\"text-align:justify;text-justify:inter-ideograph\"><em><span lang=\"ES-SV\" style=\"font-family:&quot;Arial&quot;,sans-serif\">Estados Unidos contin\u00faa as\u00ed\ncon su <\/span><\/em><span lang=\"ES-SV\" style=\"font-family:&quot;Arial&quot;,sans-serif\">larga\nsecuencia de intervenciones militares y violaci\u00f3n del derecho internacional con\nocupaciones, bombardeos y extorsiones al resto de los pa\u00edses. En los \u00faltimos\nsesenta a\u00f1os, en su empe\u00f1o por imponer sus intereses econ\u00f3micos y pol\u00edticos a\ntoda costa, se ha convertido en la mayor amenaza para la seguridad de los\npueblos. A esta deriva se suma el progresivo vaciamiento y desprecio hacia los\norganismos multilaterales: resulta profundamente inmoral actuar al margen de\nNaciones Unidas, por m\u00e1s que su papel haya sido deliberadamente depauperado por\nlas pol\u00edticas de las grandes potencias. La ONU deber\u00eda ser un espacio respetado\ny central, donde los conflictos entre pa\u00edses se discutan y se encaucen por v\u00edas\npol\u00edticas y diplom\u00e1ticas, no un obst\u00e1culo que se esquiva cuando estorba a los\nintereses de unos pocos. <\/span><span lang=\"ES-SV\"><o:p><\/o:p><\/span><\/p><p class=\"MsoNormal\" style=\"text-align:justify;text-justify:inter-ideograph\"><span lang=\"ES-SV\" style=\"font-family:&quot;Arial&quot;,sans-serif\">&nbsp;<\/span><\/p><p class=\"MsoNormal\" style=\"text-align:justify;text-justify:inter-ideograph\"><span lang=\"ES-SV\" style=\"font-family:&quot;Arial&quot;,sans-serif\">Tampoco sorprende que el\ngobierno genocida de Israel, despu\u00e9s de asesinar a miles de civiles en\nPalestina, se al\u00ede de nuevo con el mat\u00f3n de Washington, para continuar\nextendiendo el horror y el sufrimiento en la regi\u00f3n. Estas din\u00e1micas de\ndominaci\u00f3n y violencia no pueden ser excusadas bajo ninguna justificaci\u00f3n\nestrat\u00e9gica o de seguridad. Hay que se\u00f1alar tambi\u00e9n la irresponsable decisi\u00f3n\nde Francia, Alemania y el Reino Unido de alinearse p\u00fablicamente con Estados\nUnidos, lo que eleva peligrosamente la tensi\u00f3n internacional y contribuye a una\nescalada cuyo desenlace es imposible de prever. Esta respuesta no aporta\nsoluciones, sino que acerca a\u00fan m\u00e1s al mundo a un escenario de confrontaci\u00f3n\ngeneralizada. <\/span><span lang=\"ES-SV\"><o:p><\/o:p><\/span><\/p><p class=\"MsoNormal\" style=\"text-align:justify;text-justify:inter-ideograph\"><span lang=\"ES-SV\" style=\"font-family:&quot;Arial&quot;,sans-serif\">&nbsp;<\/span><\/p><p class=\"MsoNormal\" style=\"text-align:justify;text-justify:inter-ideograph\"><strong><span lang=\"ES-SV\" style=\"font-family:&quot;Arial&quot;,sans-serif;font-weight:normal\">Los\nHumanistas debemos insistir una vez m\u00e1s en que condenar esta nueva guerra y\ndefender la no violencia es la \u00fanica opci\u00f3n valiente, y que hacerlo no nos\nsit\u00faa del lado del r\u00e9gimen iran\u00ed. Los gobiernos de Ir\u00e1n han demostrado durante\nd\u00e9cadas un desprecio sistem\u00e1tico por los derechos humanos, asesinando a su\npropia poblaci\u00f3n y castigando especialmente a las mujeres, a quienes se niega\nlas libertades b\u00e1sicas en el pa\u00eds. <\/span><\/strong><span lang=\"ES-SV\" style=\"font-family:&quot;Arial&quot;,sans-serif\">No obstante, repudiar ese atropello no\npuede ni debe traducirse en apoyar una escalada militar que s\u00f3lo siembra\ndestrucci\u00f3n y sufrimiento. <\/span><span lang=\"ES-SV\"><o:p><\/o:p><\/span><\/p><p class=\"MsoNormal\" style=\"text-align:justify;text-justify:inter-ideograph\"><span lang=\"ES-SV\" style=\"font-family:&quot;Arial&quot;,sans-serif\">&nbsp;<\/span><\/p><p class=\"MsoNormal\" style=\"text-align:justify;text-justify:inter-ideograph\"><span lang=\"ES-SV\" style=\"font-family:&quot;Arial&quot;,sans-serif\">Alertamos sobre las <strong><span style=\"font-weight: normal;\">consecuencias\nimpredecibles<\/span><\/strong> de esta guerra: la escalada regional que ya se ha\nproducido con la entrada en el conflicto de Siria y L\u00edbano, la proliferaci\u00f3n de\ncrisis humanitarias, el aumento del sufrimiento de la poblaci\u00f3n civil y la\nposibilidad de desencadenar crisis m\u00e1s amplias que afecten a todo el planeta.\nReafirmamos nuestro compromiso con <strong><span style=\"font-weight: normal;\">una pol\u00edtica de no violencia activa y desarme progresivo<\/span><\/strong>\ncomo <strong><span style=\"font-weight: normal;\">\u00fanica\nv\u00eda leg\u00edtima y eficaz<\/span><\/strong> para resolver conflictos. R<strong><span style=\"font-weight: normal;\">esulta obsceno\ncomprobar c\u00f3mo las grandes empresas de armamento han visto aumentar su valor en\nbolsa en los d\u00edas posteriores al inicio de los ataques. La guerra vuelve a\nmostrar su verdadero rostro: un negocio macabro en el que unos pocos obtienen\nbeneficios millonarios mientras siempre pierden los mismos, los pueblos y las\npersonas m\u00e1s vulnerables. <\/span><\/strong><\/span><span lang=\"ES-SV\"><o:p><\/o:p><\/span><\/p><p class=\"MsoNormal\" style=\"text-align:justify;text-justify:inter-ideograph\"><span lang=\"ES-SV\" style=\"font-family:&quot;Arial&quot;,sans-serif\">&nbsp;<\/span><\/p><p class=\"MsoNormal\" style=\"text-align:justify;text-justify:inter-ideograph\"><span lang=\"ES-SV\" style=\"font-family:&quot;Arial&quot;,sans-serif\">Y, mientras la Uni\u00f3n Europea\nha vuelto a manifestarse con una rid\u00edcula y calculada tibieza, nosotros\ninsistimos sobre lo que ya dijimos al inicio de este a\u00f1o, cuando Estados Unidos\nsecuestr\u00f3 al presidente venezolano: nadie ni nada est\u00e1 a salvo de la voracidad\nirracional de este sistema. No ser\u00e1 a trav\u00e9s de guerras, amenazas y\narmamentismo como se conseguir\u00e1 que la especie contin\u00fae en su evoluci\u00f3n.<o:p><\/o:p><\/span><\/p><p class=\"MsoNormal\" style=\"text-align:justify;text-justify:inter-ideograph\"><span lang=\"ES-SV\" style=\"font-family:&quot;Arial&quot;,sans-serif\">&nbsp;<\/span><\/p><p class=\"MsoNormal\" style=\"text-align:justify;text-justify:inter-ideograph\"><span lang=\"ES-SV\" style=\"font-family:&quot;Arial&quot;,sans-serif\">Desde el Partido Humanista\nanimamos a los pueblos y a todas las organizaciones que no sean c\u00f3mplices de la\nmezquindad de sus gobiernos. Y pedimos que trabajen presionando a los que\ndeciden para adoptar pol\u00edticas que respeten la vida, la dignidad y los derechos\nhumanos de todas las personas.&nbsp; <o:p><\/o:p><\/span><\/p><p class=\"MsoNormal\" style=\"text-align:justify;text-justify:inter-ideograph\"><span lang=\"ES-SV\" style=\"font-family:&quot;Arial&quot;,sans-serif\">&nbsp;<\/span><\/p><p class=\"MsoNormal\" style=\"text-align: justify; text-justify: inter-ideograph;\">\n\n\n\n\n\n\n\n\n\n\n\n\n\n\n\n\n\n\n\n\n\n\n\n\n\n\n\n<\/p><p class=\"MsoNormal\" align=\"right\" style=\"text-align:right\"><b><span lang=\"ES-SV\" style=\"font-family:&quot;Arial&quot;,sans-serif\">Equipo Coordinador PHE<o:p><\/o:p><\/span><\/b><\/p>\t\t\t\t\t\t\t\t<\/div>\n\t\t\t\t<\/div>\n\t\t\t\t<\/div>\n\t\t\t\t\t<\/div>\n\t\t\t\t<\/div>\n\t\t<div class=\"elementor-element elementor-element-a2f073c e-grid e-con-boxed e-con e-parent\" data-id=\"a2f073c\" data-element_type=\"container\" data-e-type=\"container\">\n\t\t\t\t\t<div class=\"e-con-inner\">\n\t\t\t\t<div class=\"elementor-element elementor-element-9651281 elementor-widget elementor-widget-text-editor\" data-id=\"9651281\" data-element_type=\"widget\" data-e-type=\"widget\" data-widget_type=\"text-editor.default\">\n\t\t\t\t<div class=\"elementor-widget-container\">\n\t\t\t\t\t\t\t\t\t<h3><span style=\"color: #ff6600;\"><strong>LOS HUMANISTAS CONDENAMOS EL ATAQUE DE ESTADOS UNIDOS CONTRA VENEZUELA Y LA DETENCI\u00d3N ILEGAL DE SU PRESIDENTE<\/strong><\/span><\/h3>\t\t\t\t\t\t\t\t<\/div>\n\t\t\t\t<\/div>\n\t\t\t\t\t<\/div>\n\t\t\t\t<\/div>\n\t\t<div class=\"elementor-element elementor-element-5a1e0b0 e-grid e-con-boxed e-con e-parent\" data-id=\"5a1e0b0\" data-element_type=\"container\" data-e-type=\"container\">\n\t\t\t\t\t<div class=\"e-con-inner\">\n\t\t\t\t<div class=\"elementor-element elementor-element-ba16c6e elementor-widget elementor-widget-text-editor\" data-id=\"ba16c6e\" data-element_type=\"widget\" data-e-type=\"widget\" data-widget_type=\"text-editor.default\">\n\t\t\t\t<div class=\"elementor-widget-container\">\n\t\t\t\t\t\t\t\t\t<p><strong><img decoding=\"async\" class=\"size-medium wp-image-552 aligncenter\" src=\"https:\/\/partidohumanista.es\/wp-content\/uploads\/2026\/01\/image-300x300.png\" alt=\"\" width=\"300\" height=\"300\" srcset=\"https:\/\/partidohumanista.es\/wp-content\/uploads\/2026\/01\/image-300x300.png 300w, https:\/\/partidohumanista.es\/wp-content\/uploads\/2026\/01\/image-150x150.png 150w, https:\/\/partidohumanista.es\/wp-content\/uploads\/2026\/01\/image.png 677w\" sizes=\"(max-width: 300px) 100vw, 300px\" \/><\/strong><\/p><p><strong>3\/01\/2026 \u2013 <\/strong>Hoy hemos sido testigos de c\u00f3mo, una vez m\u00e1s, Estados Unidos ha vuelto a saltarse la legalidad internacional para bombardear Caracas y secuestrar al presidente venezolano. Las acusaciones de narcotr\u00e1fico y tenencia de armas contra Nicol\u00e1s Maduro y su esposa, no son m\u00e1s que la excusa que Donald Trump ha utilizado para continuar interpretando su papel de sheriff que \u00e9l mismo se ha otorgado.<\/p><p>No es nueva, no obstante, esta forma de proceder por parte del pa\u00eds m\u00e1s beligerante y hostil del planeta. Desde el final de la Segunda Guerra Mundial, Estados Unidos ha intervenido militarmente en m\u00e1s de noventa pa\u00edses. Amparados por su potencia armament\u00edstica, absolutamente todos los presidentes estadounidenses han ordenado invadir, bombardear, ocupar o atacar de una u otra forma decenas de estados. Son la mayor amenaza que existe para la paz mundial y, sin embargo, contin\u00faan pavone\u00e1ndose argumentando que matan y destruyen en nombre de una supuesta democracia.<\/p><p>Las intervenciones armadas estadounidenses cuentan casi siempre con dos elementos comunes:\u00a0 est\u00e1n guiadas por un inter\u00e9s econ\u00f3mico (Venezuela es un importante productor de petr\u00f3leo) y dejan tras de s\u00ed pa\u00edses destrozados, con reg\u00edmenes d\u00e9biles y gobernantes t\u00edteres (Ana Corina Machado, la flamante y rid\u00edcula Nobel de la Paz, ya se ha propuesto para dirigir el futuro venezolano, aunque de momento el mismo Trump la ha descalificado).<\/p><p>Desde el Partido Humanista denunciamos esta pol\u00edtica de matonaje por parte de Estados Unidos. Por supuesto, somos conscientes de que las pr\u00e1cticas de Nicol\u00e1s Maduro est\u00e1n muy lejos de ser democr\u00e1ticas. Su r\u00e9gimen ha violado los derechos humanos en numerosas ocasiones y los propios venezolanos han sufrido los abusos del gobierno. Hay dudas razonables acerca de la validez de los \u00faltimos resultados electorales y miles de ciudadanos han visto obligados a abandonar su pa\u00eds por motivos pol\u00edticos o econ\u00f3micos.<\/p><p>Sin embargo, la intervenci\u00f3n estadounidense no resolver\u00e1 los problemas del pueblo venezolano. Los intereses de Trump no est\u00e1n en la gente. Nunca lo han estado. Su forma de actuar en Gaza, defendiendo el genocidio perpetrado por Israel, as\u00ed lo demuestra. Trump amenaza como el mat\u00f3n del colegio: su \u00fanico argumento es la fuerza y sus \u00fanicas razones el beneficio de las \u00e9lites econ\u00f3micas.\u00a0\u00a0<\/p><p>Por su parte, una vez m\u00e1s, la diplomacia europea ha vuelto a rendir pleites\u00eda al presidente de Estados Unidos a trav\u00e9s de la vicepresidenta de la Comisi\u00f3n, Kaja Kallas, con una tibia declaraci\u00f3n institucional en la que se limitaba a se\u00f1alar la ilegitimidad de Maduro, sin denunciar el atropello que supone bombardear un pa\u00eds y detener ilegalmente a su presidente. La UE ha dejado de ser, por culpa de sus gobernantes, el contrapeso necesario en un mundo cada vez m\u00e1s deshumanizado. Y, mientras, Donald Trump afirma que Estados Unidos tomar\u00e1 el control de Venezuela durante el tiempo necesario.\u00a0\u00a0<\/p><p>Los humanistas advertimos que nadie ni nada est\u00e1 a salvo de la voracidad irracional de este sistema. No ser\u00e1 a trav\u00e9s de guerras, amenazas y armamentismo como se conseguir\u00e1 que la especie contin\u00fae en su evoluci\u00f3n. M\u00e1s preocupante aun que las pol\u00edticas asesinas de Trump, son las voces que las jalean aqu\u00ed y all\u00ed. Resulta vergonzante asistir al desfile de palmeros (pol\u00edticos, empresarios u opinadores varios) que en nombre de una inexistente libertad animan a continuar defendiendo un sistema que est\u00e1 dando sus \u00faltimos coletazos y que lo hace dejando un terrible rastro de dolor y sufrimiento en las poblaciones.<\/p><p>Desde el Partido Humanista pedimos a los pueblos que se levanten y miren m\u00e1s all\u00e1 de los mezquinos intereses de quienes les gobiernan. Como dijo Silo en mayo del 2004: \u201cEstamos al fin de un per\u00edodo hist\u00f3rico oscuro y ya nada ser\u00e1 igual que antes. Poco a poco comenzar\u00e1 a clarear el alba de un nuevo d\u00eda; las culturas empezar\u00e1n a entenderse; los pueblos experimentar\u00e1n un ansia creciente de progreso para todos, entendiendo que el progreso de unos pocos termina en progreso de nadie. S\u00ed, habr\u00e1 paz y, por necesidad, se comprender\u00e1 que se comienza a perfilar una naci\u00f3n humana universal. Entre tanto, los que no somos escuchados trabajaremos a partir de hoy en todas partes del mundo para presionar a los que deciden, para difundir los ideales de paz en base a la metodolog\u00eda de la no-violencia, para preparar el camino de los nuevos tiempos\u201d.<\/p><p><strong>Equipo Coordinador PHE<\/strong><\/p>\t\t\t\t\t\t\t\t<\/div>\n\t\t\t\t<\/div>\n\t\t\t\t\t<\/div>\n\t\t\t\t<\/div>\n\t\t\t\t<\/div>\n\t\t","protected":false},"excerpt":{"rendered":"<p>Programa Elecciones Europeas LOS HUMANISTAS CONDENAMOS EL ATAQUE DE ESTADOS UNIDOS E ISRAEL CONTRA IR\u00c1N 01\/03\/2026 \u2013 Desde el Partido Humanista de Espa\u00f1a expresamos nuestra m\u00e1s en\u00e9rgica condena al ataque militar lanzado por los gobiernos de Israel y de Estados Unidos contra Ir\u00e1n. Consideramos esta acci\u00f3n un acto de violencia injustificada que exacerba un conflicto [&hellip;]<\/p>\n","protected":false},"author":1,"featured_media":0,"parent":0,"menu_order":0,"comment_status":"closed","ping_status":"closed","template":"","meta":{"footnotes":""},"class_list":["post-12","page","type-page","status-publish","hentry"],"_links":{"self":[{"href":"https:\/\/partidohumanista.es\/index.php\/wp-json\/wp\/v2\/pages\/12","targetHints":{"allow":["GET"]}}],"collection":[{"href":"https:\/\/partidohumanista.es\/index.php\/wp-json\/wp\/v2\/pages"}],"about":[{"href":"https:\/\/partidohumanista.es\/index.php\/wp-json\/wp\/v2\/types\/page"}],"author":[{"embeddable":true,"href":"https:\/\/partidohumanista.es\/index.php\/wp-json\/wp\/v2\/users\/1"}],"replies":[{"embeddable":true,"href":"https:\/\/partidohumanista.es\/index.php\/wp-json\/wp\/v2\/comments?post=12"}],"version-history":[{"count":95,"href":"https:\/\/partidohumanista.es\/index.php\/wp-json\/wp\/v2\/pages\/12\/revisions"}],"predecessor-version":[{"id":582,"href":"https:\/\/partidohumanista.es\/index.php\/wp-json\/wp\/v2\/pages\/12\/revisions\/582"}],"wp:attachment":[{"href":"https:\/\/partidohumanista.es\/index.php\/wp-json\/wp\/v2\/media?parent=12"}],"curies":[{"name":"wp","href":"https:\/\/api.w.org\/{rel}","templated":true}]}}